ne h(-7).
9
Let w(u) = -10*u**3 + 3*u - 2. Determine w(1).
-9
Let j(f) = 3*f - 14. What is j(11)?
19
Let m(f) = f**3 - f**2 - 6*f - 2. Determine m(4).
22
Let g(c) = c**3 - 3*c**2 + c + 7. What is g(5)?
62
Let t(d) = -5*d - 5. Determine t(4).
-25
Let y(s) = -38*s - 34. Give y(-1).
4
Let f(v) = v**2 + 7*v + 18. What is f(-6)?
12
Let z(k) = -3*k**3 + 16*k**2 + 12*k + 5. Give z(6).
5
Let c(m) = -m**2 + 3*m - 1. Determine c(1).
1
Let j(z) = -5*z - 18. Calculate j(-4).
2
Let s(i) = 14*i**2 - 2*i + 6. Calculate s(2).
58
Let n(c) = -20*c - 9. Give n(-2).
31
Let l(b) = -b**2 + 11*b - 13. What is l(9)?
5
Let q(r) = r**3 - 6*r**2 + 5*r - 5. Determine q(6).
25
Let h(l) = -l + 6. Calculate h(-6).
12
Let h(x) = 2*x**2 - 2*x - 1. Calculate h(6).
59
Let b(r) = -6*r**2 + 107*r + 12. Calculate b(18).
-6
Let r(j) = -3*j**2 - 26*j - 47. What is r(-2)?
-7
Let x(u) = -u**2 - 7*u + 36. Calculate x(0).
36
Let q(j) = 17*j**2 - 1. Calculate q(-1).
16
Let n(h) = -h**2 + 14*h - 37. Determine n(15).
-52
Let l(w) = -5*w - 9. Determine l(-3).
6
Let z(c) = -c**2 + 11*c + 5. Calculate z(6).
35
Let a(r) = -36*r + 93. Determine a(4).
-51
Let j(b) = -158*b + 463. Give j(3).
-11
Let u(s) = 7*s**2 - 13*s + 2. Give u(2).
4
Let m(j) = -2*j**3 - 15*j**2 + 4*j - 24. Give m(-8).
8
Let o(p) = 5*p - 91. Determine o(20).
9
Let y(s) = s**3 + 14*s**2 - s - 24. Give y(-14).
-10
Let l(m) = 7*m - 37. Give l(5).
-2
Let r(a) = 18*a + 3. Calculate r(-4).
-69
Let i(j) = -j**2 - 32*j + 30. What is i(-34)?
-38
Let t(b) = -15*b - 408. Calculate t(-27).
-3
Let b(q) = q + 6. Determine b(5).
11
Let m(x) = 26*x + 125. What is m(-5)?
-5
Let j(w) = 62*w + 378. Give j(-6).
6
Let b(i) = i**3 - 6*i**2 - 16*i + 3. Calculate b(8).
3
Let j(w) = -5*w**3 - 3*w**2. Calculate j(-2).
28
Let r(k) = -2*k + 9. What is r(0)?
9
Let n(o) = 8*o**3 - 29*o**2 + 16*o - 3. Give n(3).
0
Let k(v) = -v**3 + 2*v**2 - v - 8. Calculate k(4).
-44
Let s(j) = 6*j + 6. Determine s(-5).
-24
Let r(d) = -d**2 + 8*d + 8. Give r(-4).
-40
Let p(s) = 6*s + 17. What is p(-3)?
-1
Let c(q) = -q**3 - 15*q**2 - 24*q + 20. Calculate c(-13).
-6
Let h(n) = 3*n - 21. Determine h(8).
3
Let c(v) = v**2 - 31*v + 110. Determine c(27).
2
Let b(f) = f**2 - 16*f - 13. What is b(16)?
-13
Let k(p) = -3*p - 42. What is k(-14)?
0
Let q(d) = d**3 + 14*d**2 + 27*d - 67. Give q(-11).
-1
Let j(g) = g + 2. Determine j(7).
9
Let r(g) = -3*g**2 - 15*g + 23. Give r(-6).
5
Let i(l) = -2*l**3 - l**2 + 11*l - 5. Give i(4).
-105
Let m(j) = 4*j + 10. What is m(-5)?
-10
Let j(d) = -2*d**2 + 4*d - 3. Give j(2).
-3
Let p(x) = -38*x**2 + 2*x + 2. Give p(-1).
-38
Let l(g) = 10*g - 40. Give l(6).
20
Let j(h) = h**3 + 13*h**2 + 43*h - 1. Calculate j(-7).
-8
Let p(r) = r**3 - 10*r**2 - 11*r + 2. Determine p(11).
2
Let i(s) = -2*s**3 + 16*s**2 - 16*s + 5. Give i(7).
-9
Let q(g) = -g**3 - 8*g**2 - 7*g + 7. Determine q(-7).
7
Let j(o) = -7*o + 37. What is j(6)?
-5
Let g(o) = 2*o + 4. Give g(-4).
-4
Let v(p) = -p**2 + 7*p - 5. Calculate v(6).
1
Let f(m) = -8*m + 20. Calculate f(8).
-44
Let i(l) = -l**2 - 47*l + 199. What is i(4)?
-5
Let h(a) = a**3 + 10*a**2 - 26*a - 11. What is h(-12)?
13
Let h(v) = v**2 - 4*v + 3. Give h(7).
24
Let m(i) = -8*i - 143. Calculate m(-17).
-7
Let h(k) = -k**3 - k**2 - 4*k + 4. Calculate h(-4).
68
Let j(z) = -z**2 - 7*z - 6. Calculate j(-4).
6
Let y(m) = -10*m**2 - 3*m + 2. Calculate y(2).
-44
Let m(u) = u**3 - 5*u**2 + 2*u + 7. Calculate m(3).
-5
Let q(h) = -6*h + 9. Calculate q(7).
-33
Let q(t) = t**3 - 5*t**2 - 5*t + 1. Determine q(6).
7
Let r(u) = u + 7. Give r(-9).
-2
Let o(y) = -y**2 + 24*y - 106. Calculate o(18).
2
Let u(v) = 4*v + 18. Give u(-5).
-2
Let k(w) = 6*w - 14. What is k(2)?
-2
Let c(l) = l**3 + 24*l**2 + 13*l - 35. Calculate c(-23).
195
Let d(x) = x**2 + 58*x + 145. Calculate d(-55).
-20
Let c(m) = 9*m - 37. What is c(4)?
-1
Let j(h) = -h**3 + 26*h**2 + 2*h - 14. Calculate j(26).
38
Let j(l) = -l - 3. Determine j(7).
-10
Let c(q) = q**2 - 14*q - 6. Determine c(13).
-19
Let k(f) = -f**3 + 5*f**2 + 5*f - 10. Determine k(6).
-16
Let o(c) = 2*c + 21. Give o(-9).
3
Let s(p) = 5*p**2 + 12*p - 2. What is s(-5)?
63
Let c(p) = -p**3 + 22*p**2 + 107*p - 86. Determine c(26).
-8
Let k(p) = p**2 - p - 14. Give k(-6).
28
Let w(l) = 2*l**3 - 12*l**2 - 12*l - 7. Calculate w(7).
7
Let b(j) = -j**2 - 5*j - 1. Calculate b(-4).
3
Let t(v) = -14*v - 658. Determine t(-48).
14
Let t(z) = 12*z + 29. What is t(-3)?
-7
Let p(c) = 2*c**3 - 15*c**2 - 11*c + 11. Calculate p(8).
-13
Let w(z) = z - 4. What is w(4)?
0
Let v(c) = -3*c**2 + 27*c + 5. Determine v(9).
5
Let j(z) = -5*z - 40. Determine j(-20).
60
Let m(p) = -p**3 + 3*p**2 - p + 9. What is m(3)?
6
Let j(c) = -41*c - 8. Give j(4).
-172
Let h(s) = 36*s + 2. What is h(1)?
38
Let p(w) = -3*w**3 - w**2. Calculate p(-1).
2
Let r(q) = -2*q**3 - 4*q**2 - 5*q - 1. Calculate r(-2).
9
Let m(q) = q**2 - 14*q - 5. Calculate m(13).
-18
Let d(w) = w**2 - 7*w - 6. Determine d(9).
12
Let z(v) = -v**3 - 11*v**2 - 13*v - 9. Calculate z(-10).
21
Let x(g) = 2*g**3 - 30*g**2 + 2*g - 20. What is x(15)?
10
Let o(a) = -2*a**3 - 3*a**2 - 3*a. What is o(-3)?
36
Let l(z) = -z + 3. Determine l(5).
-2
Let g(s) = -s**2 - 7*s + 19. Calculate g(2).
1
Let d(x) = -2*x**3 + 36*x**2 - 32*x - 6. Determine d(17).
28
Let i(v) = -v**2 + 17*v + 55. What is i(16)?
71
Let u(l) = -l**3 - 4*l**2 - 4*l - 5. Determine u(-4).
11
Let g(x) = -24*x**2 - 115*x - 1. Give g(-5).
-26
Let j(a) = -5*a + 7. What is j(-10)?
57
Let h(p) = p**3 - 8*p**2 + 20*p - 44. Give h(6).
4
Let g(t) = -t**3 - 9*t**2 - 8*t - 8. What is g(-8)?
-8
Let o(y) = y**2 + 13*y + 13. Calculate o(-10).
-17
Let v(n) = n**3 + 9*n**2 + 2*n - 5. What is v(-9)?
-23
Let y(m) = m**3 - 6*m**2 + 10*m - 9. Determine y(5).
16
Let v(c) = -c**2 + 4*c. Determine v(5).
-5
Let z(p) = -2*p**2 - 46*p + 73. Give z(-24).
25
Let h(k) = 5*k + 12. Give h(-4).
-8
Let o(l) = -2*l + 3. Give o(3).
-3
Let z(v) = v**3 - v**2 - v + 22. What is z(0)?
22
Let h(n) = 3*n**3 + 3*n**2 - 4. What is h(-3)?
-58
Let d(q) = 3*q - 34. What is d(13)?
5
Let w(p) = -p**2 + 14*p + 16. Calculate w(12).
40
Let x(u) = u**2 + 5*u - 151. Give x(10).
-1
Let r(s) = -s**3 - 84*s**2 + 85*s. Calculate r(-85).
0
Let u(b) = -8*b**3 - 2*b + 3. What is u(1)?
-7
Let k(r) = -8*r**2 + 59*r - 14. Calculate k(7).
7
Let k(p) = -p**2 - 20*p - 42. What is k(-18)?
-6
Let o(l) = l**3 - l + 3. What is o(-2)?
-3
Let g(l) = 567*l + 2837. Calculate g(-5).
2
Let f(o) = -3*o**3 + 15*o**2 + o - 8. Determine f(5).
-3
Let i(y) = -26*y**2 + 1. What is i(-1)?
-25
Let q(m) = -m**2 - 34*m - 35. Give q(-33).
-2
Let i(w) = w**3 + 8*w**2 + 6*w - 6. Determine i(-6).
30
Let x(p) = p**3 + 7*p**2 - 7*p + 1. Calculate x(-8).
-7
Let o(y) = -y**2 - 103*y - 1536. Calculate o(-18).
-6
Let r(z) = -z**2 - 9*z - 8. Calculate r(-7).
6
Let c(m) = -7*m + 15. What is c(2)?
1
Let t(k) = k**3 + 7*k**2 + 2*k - 3. Determine t(-3).
27
Let m(d) = 8*d**2 - 10*d + 13. Calculate m(5).
163
Let s(h) = -h - 13. Give s(-12).
-1
Let s(j) = j**2 - 1. Give s(2).
3
Let i(h) = h**2 - 20*h + 13. Determine i(17).
-38
Let y(d) = -d**2 - 7*d - 2. What is y(-4)?
10
Let b(q) = -3*q - 24. What is b(-12)?
12
Let p(b) = b**2 - 6*b - 5. Calculate p(8).
11
Let f(c) = -4*c**2 + 29*c - 18. Give f(8).
-42
Let c(p) = 3*p + 9. Calculate c(8).
33
Let x(y) = 7*y - 9. Give x(4).
19
Let p(z) = 2*z**2 + 2*z - 23. What is p(-5)?
17
Let w(i) = 17*i**2 - 25*i - 1. Determine w(1).
-9
Let y(c) = -3*c**3 - 2*c**2 + 1. Determine y(1).
-4
Let m(x) = x**3 + 28*x**2 - 28*x - 67. Determine m(-29).
-96
Let w(g) = -32*g + 9. Determine w(2).
-55
Let t(x) = x**3 + 2*x**2 - 6*x - 6. What is t(-3)?
3
Let w(i) = i**3 + 7*i**2 + 6*i + 1. Determine w(-5).
21
Let p(u) = 13*u**2 - 3*u. What is p(-1)?
16
Let q(u) = 5*u + 188. Calculate q(-39).
-7
Let l(m) = 3*m**3 - 20*m**2 - 12. What is l(7)?
37
Let n(q) = -86*q - 179. Calculate n(-2).
-7
Let p(q) = -q**3 + 9*q**2 + 3*q - 3. Determine p(9).
24
Let g(h) = 10*h + 2. What is g(-2)?
-18
Let x(k) = -31*k - 2. Calculate x(1).
-33
Let a(d) = -d**3 + 6*d**2 - 6*d - 2. What is a(3)?
7
Let h(a) = a**3 - 5*a**2 - 3*a - 11. What is h(6)?
7
Let u(a) = a**3 - 7*a**2 - 11*a + 20. Calculate u(8).
-4
Let x(v) = -68*v - 63. Calculate x(-1).
5
Let m(l) = l + 7. Give m(5).
12
Let m(u) = u**2 - 3*u - 108. Calculate m(-9).